{"id":324,"date":"2016-01-06T09:37:51","date_gmt":"2016-01-06T09:37:51","guid":{"rendered":"http:\/\/consulting.stylemixthemes.com\/?page_id=324"},"modified":"2021-01-04T09:09:33","modified_gmt":"2021-01-04T09:09:33","slug":"testimonials-page","status":"publish","type":"page","link":"https:\/\/www.gsdassociation.org.mz\/sitebackup24082021\/testimonials-page\/","title":{"rendered":"Testemunhos"},"content":{"rendered":"\t\t<div data-elementor-type=\"wp-page\" data-elementor-id=\"324\" class=\"elementor elementor-324\" data-elementor-settings=\"[]\">\n\t\t\t\t\t\t<div class=\"elementor-inner\">\n\t\t\t\t\t\t\t<div class=\"elementor-section-wrap\">\n\t\t\t\t\t\t\t<section class=\"elementor-section elementor-top-section elementor-element elementor-element-6ac6055 elementor-section-boxed elementor-section-height-default elementor-section-height-default\" data-id=\"6ac6055\" data-element_type=\"section\" data-settings=\"{&quot;background_background&quot;:&quot;classic&quot;}\">\n\t\t\t\t\t\t<div class=\"elementor-container elementor-column-gap-default\">\n\t\t\t\t\t\t\t<div class=\"elementor-row\">\n\t\t\t\t\t<div class=\"elementor-column elementor-col-100 elementor-top-column elementor-element elementor-element-6ac67a7\" data-id=\"6ac67a7\" data-element_type=\"column\">\n\t\t\t<div class=\"elementor-column-wrap elementor-element-populated\">\n\t\t\t\t\t\t\t<div class=\"elementor-widget-wrap\">\n\t\t\t\t\t\t<div class=\"elementor-element elementor-element-6ac6d5d elementor-widget elementor-widget-stm_testimonials\" data-id=\"6ac6d5d\" data-element_type=\"widget\" data-widget_type=\"stm_testimonials.default\">\n\t\t\t\t<div class=\"elementor-widget-container\">\n\t\t\t\n\n            <div class=\"stm_testimonials consulting_elementor_testimonials cols_2 style_1\">\n                            <div class=\"item\">\n                    <div class=\"testimonial\"><p>Nos Nunca Pensamos que algum dia, ter\u00edamos uma forma\u00e7\u00e3o e capacita\u00e7\u00e3o desse n\u00edvel n\u00e3o s\u00f3 a costura mas tamb\u00e9m o fabrico de mascaras.<\/p>\n<\/div>\n                    <div class=\"testimonial-info clearfix\">\n                        <div class=\"testimonial-image\"><img width=\"50\" height=\"50\" src=\"https:\/\/www.gsdassociation.org.mz\/sitebackup24082021\/wp-content\/uploads\/2020\/12\/Spot-Light-Mogovolas-50x50.png\" class=\"attachment-consulting-image-50x50-croped size-consulting-image-50x50-croped wp-post-image\" alt=\"\" loading=\"lazy\" srcset=\"https:\/\/www.gsdassociation.org.mz\/sitebackup24082021\/wp-content\/uploads\/2020\/12\/Spot-Light-Mogovolas-50x50.png 50w, https:\/\/www.gsdassociation.org.mz\/sitebackup24082021\/wp-content\/uploads\/2020\/12\/Spot-Light-Mogovolas-300x300.png 300w, https:\/\/www.gsdassociation.org.mz\/sitebackup24082021\/wp-content\/uploads\/2020\/12\/Spot-Light-Mogovolas-100x100.png 100w, https:\/\/www.gsdassociation.org.mz\/sitebackup24082021\/wp-content\/uploads\/2020\/12\/Spot-Light-Mogovolas-150x150.png 150w, https:\/\/www.gsdassociation.org.mz\/sitebackup24082021\/wp-content\/uploads\/2020\/12\/Spot-Light-Mogovolas-320x320.png 320w\" sizes=\"(max-width: 50px) 100vw, 50px\" \/><\/div>\n                        <div class=\"testimonial-text\">\n                            <div class=\"name\">Projecto Spot Light Angoche<\/div>\n                            <div class=\"company\">\n                                Benefici\u00e1rio, Angoche                            <\/div>\n                        <\/div>\n                    <\/div>\n                <\/div>\n                            <div class=\"item\">\n                    <div class=\"testimonial\"><p>Este projecto trouxe um meio de subsist\u00eancia para mim e minha fam\u00edlia.<\/p>\n<\/div>\n                    <div class=\"testimonial-info clearfix\">\n                        <div class=\"testimonial-image\"><img width=\"50\" height=\"50\" src=\"https:\/\/www.gsdassociation.org.mz\/sitebackup24082021\/wp-content\/uploads\/2020\/12\/Spot-Light-Angoche-50x50.png\" class=\"attachment-consulting-image-50x50-croped size-consulting-image-50x50-croped wp-post-image\" alt=\"\" loading=\"lazy\" srcset=\"https:\/\/www.gsdassociation.org.mz\/sitebackup24082021\/wp-content\/uploads\/2020\/12\/Spot-Light-Angoche-50x50.png 50w, https:\/\/www.gsdassociation.org.mz\/sitebackup24082021\/wp-content\/uploads\/2020\/12\/Spot-Light-Angoche-300x300.png 300w, https:\/\/www.gsdassociation.org.mz\/sitebackup24082021\/wp-content\/uploads\/2020\/12\/Spot-Light-Angoche-100x100.png 100w, https:\/\/www.gsdassociation.org.mz\/sitebackup24082021\/wp-content\/uploads\/2020\/12\/Spot-Light-Angoche-150x150.png 150w, https:\/\/www.gsdassociation.org.mz\/sitebackup24082021\/wp-content\/uploads\/2020\/12\/Spot-Light-Angoche-320x320.png 320w\" sizes=\"(max-width: 50px) 100vw, 50px\" \/><\/div>\n                        <div class=\"testimonial-text\">\n                            <div class=\"name\">Projecto Spot Light Mogovolas<\/div>\n                            <div class=\"company\">\n                                 Benefici\u00e1rio, Mogovolas                            <\/div>\n                        <\/div>\n                    <\/div>\n                <\/div>\n                            <div class=\"item\">\n                    <div class=\"testimonial\"><p>A GSDAssociation e o projecto Spot light trouxeram para nos a oportunidade de aprender a costurar, fazer mascaras que ser\u00e3o ben\u00e9ficas para nos como tamb\u00e9m para os moradores da nossa prov\u00edncia e distritos. <\/p>\n<\/div>\n                    <div class=\"testimonial-info clearfix\">\n                        <div class=\"testimonial-image\"><img width=\"50\" height=\"50\" src=\"https:\/\/www.gsdassociation.org.mz\/sitebackup24082021\/wp-content\/uploads\/2020\/12\/Spot-Light-Nampula-50x50.png\" class=\"attachment-consulting-image-50x50-croped size-consulting-image-50x50-croped wp-post-image\" alt=\"\" loading=\"lazy\" srcset=\"https:\/\/www.gsdassociation.org.mz\/sitebackup24082021\/wp-content\/uploads\/2020\/12\/Spot-Light-Nampula-50x50.png 50w, https:\/\/www.gsdassociation.org.mz\/sitebackup24082021\/wp-content\/uploads\/2020\/12\/Spot-Light-Nampula-300x300.png 300w, https:\/\/www.gsdassociation.org.mz\/sitebackup24082021\/wp-content\/uploads\/2020\/12\/Spot-Light-Nampula-100x100.png 100w, https:\/\/www.gsdassociation.org.mz\/sitebackup24082021\/wp-content\/uploads\/2020\/12\/Spot-Light-Nampula-150x150.png 150w, https:\/\/www.gsdassociation.org.mz\/sitebackup24082021\/wp-content\/uploads\/2020\/12\/Spot-Light-Nampula-320x320.png 320w\" sizes=\"(max-width: 50px) 100vw, 50px\" \/><\/div>\n                        <div class=\"testimonial-text\">\n                            <div class=\"name\">Projecto Spot Light Nampula<\/div>\n                            <div class=\"company\">\n                                 Benefici\u00e1rio, Nampula                            <\/div>\n                        <\/div>\n                    <\/div>\n                <\/div>\n                            <div class=\"item\">\n                    <div class=\"testimonial\"><p>&#8220;Gra\u00e7as a Lei Contra os Casamentos Prematuros nas prov\u00edncias de Nampula e Manica, distritos de Mogovolas, Angoche e Chimoio os casos de casamentos prematuros j\u00e1 n\u00e3o tem decorrido, porque h\u00e1 aplica\u00e7\u00e3o da lei que defende as Raparigas dos Casamentos prematuros e a popula\u00e7\u00e3o se sente mais confiante faz denuncias e facilita o nosso trabalho e o da policia sobre tudo a Lei protege a vitima&#8221;.<\/p>\n<\/div>\n                    <div class=\"testimonial-info clearfix\">\n                        <div class=\"testimonial-image\"><img width=\"50\" height=\"50\" src=\"https:\/\/www.gsdassociation.org.mz\/sitebackup24082021\/wp-content\/uploads\/2019\/09\/Lideres-Comunitarios-da-provincia-de-Manica-Exibindo-as-Leis-receberam-no-ambito-da-Iniciativa-Spot-Light-50x50.jpg\" class=\"attachment-consulting-image-50x50-croped size-consulting-image-50x50-croped wp-post-image\" alt=\"\" loading=\"lazy\" srcset=\"https:\/\/www.gsdassociation.org.mz\/sitebackup24082021\/wp-content\/uploads\/2019\/09\/Lideres-Comunitarios-da-provincia-de-Manica-Exibindo-as-Leis-receberam-no-ambito-da-Iniciativa-Spot-Light-50x50.jpg 50w, https:\/\/www.gsdassociation.org.mz\/sitebackup24082021\/wp-content\/uploads\/2019\/09\/Lideres-Comunitarios-da-provincia-de-Manica-Exibindo-as-Leis-receberam-no-ambito-da-Iniciativa-Spot-Light-scaled-300x300.jpg 300w, https:\/\/www.gsdassociation.org.mz\/sitebackup24082021\/wp-content\/uploads\/2019\/09\/Lideres-Comunitarios-da-provincia-de-Manica-Exibindo-as-Leis-receberam-no-ambito-da-Iniciativa-Spot-Light-scaled-100x100.jpg 100w, https:\/\/www.gsdassociation.org.mz\/sitebackup24082021\/wp-content\/uploads\/2019\/09\/Lideres-Comunitarios-da-provincia-de-Manica-Exibindo-as-Leis-receberam-no-ambito-da-Iniciativa-Spot-Light-150x150.jpg 150w, https:\/\/www.gsdassociation.org.mz\/sitebackup24082021\/wp-content\/uploads\/2019\/09\/Lideres-Comunitarios-da-provincia-de-Manica-Exibindo-as-Leis-receberam-no-ambito-da-Iniciativa-Spot-Light-320x320.jpg 320w\" sizes=\"(max-width: 50px) 100vw, 50px\" \/><\/div>\n                        <div class=\"testimonial-text\">\n                            <div class=\"name\">Lideres Comunit\u00e1rios<\/div>\n                            <div class=\"company\">\n                                L\u00edder Comunit\u00e1rio, Mogovolas-Angoche-Chimoio                            <\/div>\n                        <\/div>\n                    <\/div>\n                <\/div>\n                    <\/div>\n    \n\t\t<\/div>\n\t\t\t\t<\/div>\n\t\t\t\t\t\t<\/div>\n\t\t\t\t\t<\/div>\n\t\t<\/div>\n\t\t\t\t\t\t\t\t<\/div>\n\t\t\t\t\t<\/div>\n\t\t<\/section>\n\t\t\t\t<section class=\"elementor-section elementor-top-section elementor-element elementor-element-e880b82 third_bg_color elementor-section-boxed elementor-section-height-default elementor-section-height-default\" data-id=\"e880b82\" data-element_type=\"section\" data-settings=\"{&quot;background_background&quot;:&quot;classic&quot;}\">\n\t\t\t\t\t\t<div class=\"elementor-container elementor-column-gap-default\">\n\t\t\t\t\t\t\t<div class=\"elementor-row\">\n\t\t\t\t\t<div class=\"elementor-column elementor-col-100 elementor-top-column elementor-element elementor-element-732be5c\" data-id=\"732be5c\" data-element_type=\"column\">\n\t\t\t<div class=\"elementor-column-wrap elementor-element-populated\">\n\t\t\t\t\t\t\t<div class=\"elementor-widget-wrap\">\n\t\t\t\t\t\t<div class=\"elementor-element elementor-element-5541eb9 elementor-widget elementor-widget-vc_cta\" data-id=\"5541eb9\" data-element_type=\"widget\" data-widget_type=\"vc_cta.default\">\n\t\t\t\t<div class=\"elementor-widget-container\">\n\t\t\t\n<div class=\"ce_cta ce_cta_369ccd961fc574efbc450806e86fa7fc ce_text_left third_bg_color add_button_right btn_align_right btn_button_block_ btn_has_icon btn_has_icon_on_the_right\" id=\"\">\n\n    <div class=\"ce_cta__content\">\n        <div class=\"ce_cta__content__header\">\n            <h2  class='ce_cta__content__title '>Voc\u00ea gostaria de entrar em contato conosco?<\/h2>                    <\/div>\n\n        \n    <\/div>\n\n    \n        <div class=\"ce_cta__action\">\n            <a href=\"\/contactos\"\n                              target=\"_self\"\n               class=\"button \">\n                <span>Contacto<\/span>\n                                    <i class=\"fas fa-arrow-right\"><\/i>\n                            <\/a>\n        <\/div>\n\n    \n<\/div>\n\t\t<\/div>\n\t\t\t\t<\/div>\n\t\t\t\t\t\t<\/div>\n\t\t\t\t\t<\/div>\n\t\t<\/div>\n\t\t\t\t\t\t\t\t<\/div>\n\t\t\t\t\t<\/div>\n\t\t<\/section>\n\t\t\t\t\t\t<\/div>\n\t\t\t\t\t\t<\/div>\n\t\t\t\t\t<\/div>\n\t\t","protected":false},"excerpt":{"rendered":"<p>Nos Nunca Pensamos que algum dia, ter\u00edamos uma forma\u00e7\u00e3o e capacita\u00e7\u00e3o desse n\u00edvel n\u00e3o s\u00f3 a costura mas tamb\u00e9m o fabrico de mascaras. Projecto Spot Light Angoche Benefici\u00e1rio, Angoche Este projecto trouxe um meio de subsist\u00eancia para mim e minha fam\u00edlia. Projecto Spot Light Mogovolas Benefici\u00e1rio, Mogovolas A GSDAssociation e o projecto Spot light trouxeram<\/p>\n","protected":false},"author":1,"featured_media":0,"parent":0,"menu_order":0,"comment_status":"closed","ping_status":"closed","template":"","meta":[],"_links":{"self":[{"href":"https:\/\/www.gsdassociation.org.mz\/sitebackup24082021\/wp-json\/wp\/v2\/pages\/324"}],"collection":[{"href":"https:\/\/www.gsdassociation.org.mz\/sitebackup24082021\/wp-json\/wp\/v2\/pages"}],"about":[{"href":"https:\/\/www.gsdassociation.org.mz\/sitebackup24082021\/wp-json\/wp\/v2\/types\/page"}],"author":[{"embeddable":true,"href":"https:\/\/www.gsdassociation.org.mz\/sitebackup24082021\/wp-json\/wp\/v2\/users\/1"}],"replies":[{"embeddable":true,"href":"https:\/\/www.gsdassociation.org.mz\/sitebackup24082021\/wp-json\/wp\/v2\/comments?post=324"}],"version-history":[{"count":11,"href":"https:\/\/www.gsdassociation.org.mz\/sitebackup24082021\/wp-json\/wp\/v2\/pages\/324\/revisions"}],"predecessor-version":[{"id":8207,"href":"https:\/\/www.gsdassociation.org.mz\/sitebackup24082021\/wp-json\/wp\/v2\/pages\/324\/revisions\/8207"}],"wp:attachment":[{"href":"https:\/\/www.gsdassociation.org.mz\/sitebackup24082021\/wp-json\/wp\/v2\/media?parent=324"}],"curies":[{"name":"wp","href":"https:\/\/api.w.org\/{rel}","templated":true}]}}